071617?
309
Calculate the highest common factor of 11696 and 4142792.
344
What is the highest common divisor of 335288214 and 54?
54
What is the highest common factor of 22 and 30641171?
11
What is the greatest common factor of 80798482 and 4280?
214
Calculate the highest common factor of 12977184 and 2288.
176
Calculate the greatest common factor of 42140 and 1188740.
980
Calculate the highest common factor of 22048143 and 39.
39
What is the greatest common divisor of 5118094 and 522?
58
Calculate the highest common factor of 142133 and 632412.
1597
Calculate the highest common divisor of 3409692 and 48.
12
What is the highest common divisor of 4896255 and 8775?
195
Calculate the highest common divisor of 743424047 and 563.
563
Calculate the greatest common factor of 1225 and 2623850.
25
Calculate the greatest common divisor of 7821 and 182214.
9
What is the greatest common factor of 66988568 and 34?
34
Calculate the highest common factor of 243836 and 23876.
188
What is the greatest common divisor of 32205 and 3711?
3
What is the greatest common factor of 2176 and 90824?
8
Calculate the greatest common divisor of 54883404 and 5174.
398
What is the greatest common divisor of 3480235 and 20185?
55
What is the highest common factor of 506843621 and 181?
181
What is the greatest common factor of 27186384 and 291?
291
Calculate the greatest common factor of 3705 and 82065.
15
What is the highest common divisor of 85348 and 332?
4
Calculate the greatest common divisor of 34 and 25288928.
34
What is the greatest common divisor of 107457 and 3961?
17
What is the highest common divisor of 5490 and 319945?
305
Calculate the greatest common divisor of 2154 and 51138114.
2154
What is the greatest common divisor of 2025 and 300672?
81
What is the greatest common divisor of 78 and 774540?
78
Calculate the highest common divisor of 144291 and 609.
21
What is the highest common factor of 55 and 107919977?
11
Calculate the greatest common divisor of 1806 and 82124582.
86
Calculate the highest common divisor of 1084627 and 13.
1
Calculate the highest common factor of 2575 and 12266270.
515
What is the greatest common divisor of 72766 and 6742?
2
What is the highest common divisor of 922 and 38890?
2
Calculate the greatest common factor of 2267525 and 3575.
325
What is the greatest common divisor of 138820 and 15037?
11
What is the greatest common factor of 260 and 740345710?
130
Calculate the greatest common factor of 6992 and 2477790.
874
Calculate the highest common factor of 10 and 501940.
10
Calculate the highest common factor of 5406 and 33978.
6
What is the highest common divisor of 4332074 and 8062?
278
Calculate the greatest common factor of 365 and 492458.
73
What is the greatest common divisor of 135141082 and 417?
139
What is the greatest common divisor of 64096890 and 3705?
195
What is the greatest common divisor of 7038232 and 125768?
1592
What is the greatest common factor of 162 and 804861?
9
What is the highest common divisor of 180 and 51525960?
60
What is the highest common factor of 65 and 22074705?
5
Calculate the highest common factor of 30 and 60430340.
10
What is the highest common factor of 4719 and 1194468?
33
Calculate the highest common divisor of 9650058 and 165.
33
What is the greatest common divisor of 22005 and 99765?
135
What is the highest common divisor of 7908 and 447708?
12
Calculate the highest common factor of 573 and 570.
3
Calculate the highest common divisor of 21829393 and 46313.
1597
What is the highest common divisor of 1977956 and 258496?
2308
Calculate the greatest common divisor of 716358 and 1235284.
1334
What is the greatest common divisor of 24911717 and 4?
1
Calculate the greatest common factor of 117 and 45567.
9
What is the highest common divisor of 36836646 and 245?
7
What is the highest common factor of 36012 and 108184?
4
What is the highest common divisor of 46844 and 26895148?
6692
What is the greatest common divisor of 694160 and 2160?
80
Calculate the highest common divisor of 5307594 and 19038.
1002
What is the highest common divisor of 190613471 and 1159?
61
What is the highest common divisor of 86 and 441571171?
43
Calculate the greatest common factor of 15869630 and 560.
70
What is the highest common factor of 132 and 11145783?
33
What is the highest common divisor of 353245 and 172000?
215
Calculate the greatest common factor of 19301282 and 77.
77
What is the greatest common factor of 10269063 and 1368?
171
What is the highest common factor of 3525543 and 27?
9
Calculate the greatest common factor of 147206 and 1265491.
89
What is the greatest common factor of 768 and 14821152?
96
What is the greatest common divisor of 110905 and 1135?
5
What is the highest common divisor of 277249750 and 100?
50
Calculate the highest common divisor of 4053 and 16944.
3
What is the greatest common divisor of 108424 and 1144?
8
Calculate the greatest common divisor of 11 and 49452931.
11
Calculate the highest common factor of 404 and 38917724.
404
Calculate the greatest common factor of 140138 and 656.
82
Calculate the greatest common divisor of 36854066 and 38444.
2746
Calculate the highest common factor of 126480 and 19520.
80
What is the highest common divisor of 159579 and 16191?
63
What is the greatest common factor of 55881 and 141876?
63
Calculate the greatest common factor of 384893 and 9503.
43
What is the greatest common divisor of 52632 and 5003136?
3096
What is the greatest common factor of 17920 and 8826160?
560
What is the greatest common divisor of 13645804 and 424?
212
What is the highest common divisor of 1231588503 and 27?
27
What is the greatest common divisor of 7720 and 189122630?
1930
Calculate the greatest common factor of 66 and 682648065.
33
What is the highest common divisor of 228 and 34792724?
76
What is the greatest common factor of 38384 and 240?
16
What is the highest common divisor of 480 and 456981280?
160
What is the highest common factor of 134508 and 7854?
66
What is the highest common factor of 42349179 and 34617?
3147
What is the highest common factor of 23550 and 82144284?
942
What is the greatest common divisor of 20 and 1178260?
20
Calculate the greatest common divisor of 20 and 6033420.
20
Calculate the highest common factor of 96 and 131728.
16
Calculate the greatest common divisor of 3202126 and 21892.
842
Calculate the highest common divisor of 61397 and 954249.
179
Calculate the highest common divisor of 2104276163 and 209.
209
Calculate the greatest common factor of 1121 and 383933.
19
What is the highest common factor of 503 and 1545825133?
503
Calculate the greatest common factor of 104616 and 8696.
8
Calculate the greatest common divisor of 92 and 75360972.
92
Calculate the highest common divisor of 665641402 and 361.
361
Calculate the highest common divisor of 12679429 and 14.
7
What is the greatest common divisor of 882 and 23867046?
126
Calculate the greatest common factor of 774 and 18208823.
43
Calculate the greatest common factor of 41 and 400597.
1
Calculate the greatest common divisor of 7835 and 895.
5
Calculate the highest common divisor of 676120 and 176.
8
Calculate the greatest common factor of 95238738 and 168.
42
What is the highest common divisor of 480 and 1450294240?
160
Calculate the highest common divisor of 254412 and 29414.
382
Calculate the highest common divisor of 744 and 4186178.
62
What is the highest common factor of 120 and 24776295?
15
What is the highest common factor of 501265480 and 80?
40
Calculate the greatest common factor of 3339 and 71694637.
371
Calculate the highest common divisor of 1232569176 and 12.
12
What is the greatest common factor of 4089748 and 572?
52
What is the highest common factor of 5376 and 4400466?
42
Calculate the greatest common factor of 12726438 and 204.
102
Calculate the greatest common factor of 310990 and 1096.
274
What is the highest common divisor of 149792 and 12231?
151
Calculate the highest common divisor of 21437 and 2395997.
1649
Calculate the highest common factor of 1841 and 47098303.
1841
What is the highest common divisor of 8723 and 84617?
13
Calculate the greatest common divisor of 45560 and 28940851.
1139
Calculate the greatest common factor of 76540 and 122120.
860
Calculate the 